t k(x) = -x**3 - 10*x**2 + x - 13. Let b(n) = 11 + 6*n**2 + n**3 - 7*n**2 + 10*n**2. Let u(v) = -4*b(v) - 3*k(v). Give u(-6).
13
Let l be (-17 + 13)*(-2)/8 + 56/(-8). Let d(a) = 6*a - 18. What is d(l)?
-54
Let k = 28 - 24. Suppose 0 = 19*n - 21*n + 6. Let a(b) = 11*b**2 + 5*b**n - 9*b**2 - 4*b**3 - 7*b**2 - 4 + 6*b. Give a(k).
4
Let y(x) = x**3 + 16*x**2 + 15*x - 14. Let u(v) = v**3 - 7*v**2 - 18*v + 129. Let k be u(6). Determine y(k).
-14
Let b = 29892 - 29927. Let m(c) = 2*c**2 + 73*c + 60. Give m(b).
-45
Suppose 5*d = 1 + 14. Let p(o) = -7*o**2 - 2. Let y(k) = 20 - k**2 - 19 + 2*k**2. Let z(f) = p(f) + 6*y(f). What is z(d)?
-5
Let f = 41 + -41. Suppose f = 3*x + 6, i - 67 = x + 3*x. Let r(g) = g + 29 + 0*g - i + 35. Determine r(-9).
-4
Suppose 309 - 26 + 77 = 20*o. Let s(t) = t**3 - 19*t**2 + 19*t - 16. Determine s(o).
2
Let z(y) = -24*y - 5. Let d(s) = -169*s - 13354. Let p be d(-79). Determine z(p).
67
Let z be (-40)/(-16) - 1/(-2). Let j(r) = -2*r**2 + z*r**2 + 3 + 0 - 5*r + 0*r. Suppose -4*w = -i - 2*i - 4, -4*w - 2*i = -24. Calculate j(w).
-1
Let m = 585 + -583. Let q(k) = 4*k - m*k + 11*k - 11*k + 17. Determine q(-10).
-3
Let b(m) = m**3 - 14*m**2 - 3*m + 4. Let c(z) = z**2 + z + 1. Let u(g) = -b(g) - 8*c(g). What is u(5)?
-12
Suppose -3*i + 74 = -f + 82, -3*i - 12 = 0. Let r(t) = -t**3 + t**2 + 8*t + 13. What is r(f)?
61
Let y be -1*(-8 + 7 + -2). Let c(s) = 132*s**2 - 398*s**2 + 135*s**2 + y + 130*s**2 - s. Calculate c(-2).
1
Let w(y) = y**2 + 13*y + 9. Let r be 19/((-152)/192) + 12. What is w(r)?
-3
Let y(n) = n**2 + 5*n - 10. Let b be 29/3 - 32/48. Suppose b*s = 4*s - 2*m + 26, -5*s + 2*m = -34. Suppose 2*l = -4*g - 30, -5*g + s = -4*l - 2. What is y(l)?
4
Let h = -4 - 0. Suppose -q = -4*r - 11, -q + 9 = -5*r - 4. Let y(i) = -q - 8 + i - 6 + 19. Determine y(h).
-2
Suppose -3*s = -p + 38 - 49, 2*s = -3*p + 11. Suppose 6*a = 60 + 6. Let t(y) = -10*y - 11. Let d(g) = 5*g + 6. Let n(c) = a*d(c) + 6*t(c). Determine n(p).
-5
Let u(x) = 7*x**3 + 25*x**2 + 49*x - 126. Let w(k) = -2*k**3 - 6*k**2 - 12*k + 31. Let r(c) = -3*u(c) - 11*w(c). Give r(10).
-13
Let b(a) = -a**2 - 4*a - 2. Let z(j) = 2*j**2 + 4*j - 2. Suppose -23*l = -5*l + 18. Let x be z(l). Calculate b(x).
-2
Let m(c) = c - 5. Let w be (140/(-8))/(4/(-8)). Suppose -14*u + w = -9*u. Calculate m(u).
2
Let f(j) = 7 + 2*j - 3 - j**3 - 2 + 5 + 4*j**2. Suppose -2*x + 3*n = -12, 6*n = 4*x + n - 22. Let l(y) = 14*y - 37. Let c be l(x). What is f(c)?
-8
Let a(k) = 4*k**2 - 116*k + 155*k - 5 + 3 - 2. Let w be a(-10). Let z(q) = -3*q + 8. Calculate z(w).
-10
Let y(t) = -50*t - 10*t**2 - t**3 + 15*t**2 + 54*t - 4*t**2. What is y(-2)?
4
Suppose 3*p - 6 = -2*b - 2, -5*p - 4 = -2*b. Let v(j) = j - b*j - j + j. Give v(-1).
1
Suppose 0 = 2*p + o + 3*o - 12, -2*p + 12 = -4*o. Let g(w) be the third derivative of -w**5/60 + 5*w**4/24 + 11*w**3/6 + 41*w**2 + 5. Calculate g(p).
5
Let p(u) = 3*u**2 - 20*u - 39. Suppose 8*h + 21*h = 59*h + 60. What is p(h)?
13
Let g(j) = -2*j + 8. Let y(o) be the first derivative of -3*o**2/2 - 7*o - 24. Suppose -2*q - 19 = -3*m, 3*m - 5*m = 3*q + 9. Let v be y(q). Calculate g(v).
-8
Let u(a) be the first derivative of -5*a**4/4 + 13*a**3/3 - 3*a**2 - 7*a - 14. Let g(v) = -9*v**3 + 25*v**2 - 12*v - 14. Let w(p) = 4*g(p) - 7*u(p). Give w(8).
9
Let s be ((-2)/(-5))/(-2 + 82/40). Let v(n) = 7*n + 29. Let g(z) = -12*z - 30. Let k(w) = -2*g(w) - 3*v(w). What is k(s)?
-3
Let t(y) = -4*y**2 + 124*y - 3. Let v be t(31). Let w(r) = r**3 + 3*r**2 - 3*r - 9. What is w(v)?
0
Let b(h) = 5*h + 43. Let s(n) = -4*n - 40. Let x(z) = -6*b(z) - 5*s(z). Give x(-7).
12
Let w(t) be the second derivative of -t**5/20 - t**4/4 + t**3/3 + 45*t + 126. Let z(a) = 2*a - 1. Let r be z(-1). Calculate w(r).
-6
Let s be 4 - (10 - 1*(4 + 2)). Let r(i) = 10*i - 1. Determine r(s).
-1
Let h(p) be the second derivative of -p**5/10 + 3*p**4/4 + 3*p**3/2 - 8*p**2 + 5*p + 51. Calculate h(5).
4
Let t(w) = w**3 - 8*w**2 - 10*w + 8. Let s be t(9). Let h be (1 - 0)/(s/4). Let z(n) = -3*n + 8 - 3*n + 7*n + 0. Determine z(h).
4
Let n(q) be the second derivative of 3*q - 3 - 1/20*q**5 - q**2 - 5/6*q**3 - 5/12*q**4. Let d(o) = o**3 - 3*o**2 + 3*o - 5. Let a be d(2). Calculate n(a).
-5
Let d(m) = m**2 - 7*m + 1. Let c = -114 + 350. Let q = 243 - c. Calculate d(q).
1
Let r = 471 - 368. Let w = -98 + r. Let a(k) = k**2 - 2*k - 2. Give a(w).
13
Let k(z) be the second derivative of z**4/24 - z**3/2 + 19*z**2/2 - 55*z. Let x(m) be the first derivative of k(m). Determine x(8).
5
Let k(z) be the first derivative of -z**4/4 + 2*z**3 - 3*z**2/2 + 2*z + 5090. Determine k(2).
12
Let o(c) be the first derivative of -13/3*c**3 - 8 - 13*c + 1/4*c**4 - 13/2*c**2. Calculate o(14).
1
Let l(d) = -6*d - 6. Let m(x) = -11*x + 38. Let q(f) = -2*l(f) + m(f). Determine q(-26).
24
Let n(a) = a**3 + 5*a**2 + 4*a - 5. Let h = 194 + -168. Let g(d) = -2*d**2 + 53*d - 30. Let y be g(h). Give n(y).
-5
Let s(y) be the third derivative of 1/6*y**4 - 35*y**2 - 1/60*y**5 - 5/6*y**3 + y + 0. Give s(4).
-5
Suppose -47 = -21*k + 184. Let u(o) = -23 + 3*o - o + k + 0. Calculate u(11).
10
Suppose -14 = -3*b - 23. Let c(l) be the third derivative of 1/2*l**3 + 0 - 1/24*l**4 + 0*l - 8*l**2. What is c(b)?
6
Suppose -20 = 5*r, 14*a - 15*a - 2*r = -37. Let y(g) = g**3 - 44*g**2 - 44*g - 46. Give y(a).
-1
Let v(m) = -138*m**2 + 62*m + 32. Let x(w) = -28*w**2 + 2*w. Let s(j) = -v(j) + 5*x(j). What is s(-25)?
18
Let t(r) = 977*r - 494*r + 78 - 486*r. Determine t(26).
0
Let g(w) = -4*w**3 + 3*w**2 - 6*w + 4. Let n(z) = 7*z**3 - 8*z**2 + 10*z - 6. Let x(m) = -5*g(m) - 3*n(m). What is x(6)?
106
Let v(o) = -2*o**2 - 9 + 4 + 3*o**2 + 3. Let y(j) = -12 + 2*j**2 + 3*j**2 + j + 4 - 4*j**2. Let f be y(-3). Calculate v(f).
2
Let m = 348 - 353. Let d(p) = p**2 + 5*p + 11. Give d(m).
11
Let q = -6 - -14. Suppose -2*b - 4*m = -3*b + 4, 0 = -3*b + 5*m + 19. Let h(a) = 4*a - 2 + 2*a + b + 2 - a**2. Calculate h(q).
-8
Let g(y) be the first derivative of 9*y - 1/4*y**4 - 3*y**3 + 1/2*y**2 - 75. Calculate g(-9).
0
Let h(b) = -14*b**3 - 18*b**2 + b - 11. Let o(z) = 8*z**3 + 9*z**2 + 6. Let c(m) = 3*h(m) + 5*o(m). Determine c(-5).
7
Let s(g) = 6*g**3 - 2*g + 1. Suppose 2*d + 39 = 3*i - 6*i, -5*d = 0. Let z(f) = -5*f - 1. Let h be z(-3). Let y = i + h. Determine s(y).
5
Let j(h) = h**3 - 7*h**2 - 11*h - 5. Suppose 3*l - 18 = -c + 6, -4*l - 4*c = -32. Calculate j(l).
-29
Suppose 4*g + 3*c + 3 = 0, -4*g + 3 - 5 = 2*c. Suppose s - 6*s = 3*v - 57, 4*s - 2*v - 28 = g. Let l(x) = -x**2 + 9*x - 12. What is l(s)?
-12
Let x(g) = -24*g - 84. Let n be x(-3). Let p be 2 + 66/n - (-2)/(-4). Let f(q) = 4*q + 8. Calculate f(p).
-8
Let w(n) = -6*n - 1. Let a(c) = 8*c - 1. Suppose -3*d + 6 = 12. Let o be a(d). Let j = 16 + o. What is w(j)?
5
Let x be 4/(-18) + (-3875)/(-225). Let y(h) = 11*h**3 - 3*h**2 + 2*h + 8. Let a(m) = 31*m**3 - 9*m**2 + 6*m + 23. Let r(b) = x*y(b) - 6*a(b). Calculate r(-3).
4
Let w(v) = 2*v**2 + v**3 + 2*v**3 - 3 + v + 2*v - 4*v**3. Suppose -g - 6*q - 55 = -2*q, -4*g + 3*q = 296. Let a = 73 + g. Determine w(a).
3
Let v(c) = -c**3 - 17*c**2 + 27*c + 690. Let h be v(-16). Suppose 3*j - 1 = -0*g + g, -3*j + 31 = 5*g. Let z(a) = a - 2*a + j + 4*a. Calculate z(h).
8
Let u be (-11 + 11)/(-1 - -2). Let k be u/(-6) + 0 + 1. Let w(a) = 2*a**3. Give w(k).
2
Let a = 2 - -5. Let d(l) be the first derivative of l**3/3 - 11*l**2/2 + 6*l - 65435. Give d(a).
-22
Suppose 136*w + 46*w = -364. Let x(q) = 3*q**3 + 5*q**2 + 12*q + 5. Determine x(w).
-23
Let c(d) = -d**3 - d**2 + 2*d - 17. Suppose 0 = 5812*q - 5805*q. What is c(q)?
-17
Let m(q) = 1180*q - 27. Let l(i) = 983*i - 27. Let f(s) = 6*l(s) - 5*m(s). Give f(-13).
-1
Let m(w) = -w**2 + 10. Suppose 671 = -16*y + 3423. Let z = y - 172. Give m(z).
10
Let p(m) = 144*m + 206. Let s(k) = 55*k + 103. Let y(j) = -2*p(j) + 5*s(j). What is y(7)?
12
Let j = -7717 - -7708. Let w(r) = r + 1. What is w(j)?
-8
Let k = -227 + 227. Suppose -4*i + 0*i - 3*y = -33, -4*i + y + 53 = k. Let r(d) = -d + 8. Calculate r(i).
-4
Let a(i) = 155 + 4*i - 494 + 214 + 196. Give a(-17).
3
Let x be (-3)/(-6) + (-15278)/(-4). Let g(q) = 1 - 1 + 3838*q - x*q. What is g(1)?
18
Let p(d) = 2*d**3 - 155*d**2 - 84*d + 460. Let c be p(78). Let i(l) = 4*l + 29. What is i(c)?
-3
